{"id":4724,"date":"2024-07-25T11:52:54","date_gmt":"2024-07-25T11:52:54","guid":{"rendered":"https:\/\/espiritosantoseguros.com\/?page_id=4724"},"modified":"2025-03-12T18:03:14","modified_gmt":"2025-03-12T18:03:14","slug":"sobre-nos","status":"publish","type":"page","link":"https:\/\/espiritosantoseguros.com\/index.php\/sobre-nos\/","title":{"rendered":"Quem Somos"},"content":{"rendered":"\n\t\t<div id=\"fws_6a0087f12df42\"  data-column-margin=\"default\" data-midnight=\"light\" data-top-percent=\"8%\" data-bottom-percent=\"8%\"  class=\"wpb_row vc_row-fluid vc_row full-width-section vc_row-o-equal-height vc_row-flex vc_row-o-content-bottom parallax_section\"  style=\"padding-top: calc(100vw * 0.08); padding-bottom: calc(100vw * 0.08); \"><div class=\"row-bg-wrap\" data-bg-animation=\"none\" data-bg-animation-delay=\"\" data-bg-overlay=\"true\"><div class=\"inner-wrap row-bg-layer using-image\" ><div class=\"row-bg viewport-desktop using-image\" data-parallax-speed=\"fast\" style=\"background-image: url(https:\/\/espiritosantoseguros.com\/wp-content\/uploads\/2024\/09\/golf-1-espirito-santo-seguros.jpg); background-position: center center; background-repeat: no-repeat; \"><\/div><\/div><div class=\"row-bg-overlay row-bg-layer\" style=\"background-color:#0a0a0a;  opacity: 0.3; \"><\/div><\/div><div class=\"row_col_wrap_12 col span_12 light left\">\n\t<div  class=\"vc_col-sm-6 wpb_column column_container vc_column_container col no-extra-padding inherit_tablet inherit_phone \"  data-padding-pos=\"all\" data-has-bg-color=\"false\" data-bg-color=\"\" data-bg-opacity=\"1\" data-animation=\"\" data-delay=\"0\" >\n\t\t<div class=\"vc_column-inner\" >\n\t\t\t<div class=\"wpb_wrapper\">\n\t\t\t\t<div id=\"fws_6a0087f12e623\" data-midnight=\"\" data-column-margin=\"default\" class=\"wpb_row vc_row-fluid vc_row inner_row\"  style=\"\"><div class=\"row-bg-wrap\"> <div class=\"row-bg\" ><\/div> <\/div><div class=\"row_col_wrap_12_inner col span_12  left\">\n\t<div  class=\"vc_col-sm-12 wpb_column column_container vc_column_container col child_column no-extra-padding inherit_tablet inherit_phone \"   data-padding-pos=\"all\" data-has-bg-color=\"false\" data-bg-color=\"\" data-bg-opacity=\"1\" data-animation=\"\" data-delay=\"0\" >\n\t\t<div class=\"vc_column-inner\" >\n\t\t<div class=\"wpb_wrapper\">\n\t\t\t<div class=\"nectar-highlighted-text\" data-style=\"regular_underline\" data-exp=\"default\" data-underline-thickness=\"default\" data-using-custom-color=\"true\" data-animation-delay=\"false\" data-color=\"#ffffff\" data-color-gradient=\"\" style=\"\"><h1><strong>Conhe\u00e7a a Esp\u00edrito Santo Seguros.<\/strong><\/h1>\n<\/div>\n<div class=\"wpb_text_column wpb_content_element \" style=\" max-width: 400px; display: inline-block;\">\n\t<div class=\"wpb_wrapper\">\n\t\t<p>Nossa trajet\u00f3ria de sucesso e compromisso com a prote\u00e7\u00e3o dos nossos clientes. Descubra nossa hist\u00f3ria, miss\u00e3o e equipe.<\/p>\n\t<\/div>\n<\/div>\n\n\n\n\n\t\t<\/div> \n\t<\/div>\n\t<\/div> \n<\/div><\/div>\n\t\t\t<\/div> \n\t\t<\/div>\n\t<\/div> \n\n\t<div  class=\"vc_col-sm-6 wpb_column column_container vc_column_container col no-extra-padding inherit_tablet inherit_phone \"  data-padding-pos=\"all\" data-has-bg-color=\"false\" data-bg-color=\"\" data-bg-opacity=\"1\" data-animation=\"\" data-delay=\"0\" >\n\t\t<div class=\"vc_column-inner\" >\n\t\t\t<div class=\"wpb_wrapper\">\n\t\t\t\t<div id=\"fws_6a0087f12f1a4\" data-midnight=\"\" data-column-margin=\"default\" class=\"wpb_row vc_row-fluid vc_row inner_row\"  style=\"\"><div class=\"row-bg-wrap\"> <div class=\"row-bg\" ><\/div> <\/div><div class=\"row_col_wrap_12_inner col span_12  left\">\n\t<div  class=\"vc_col-sm-6 wpb_column column_container vc_column_container col child_column no-extra-padding inherit_tablet inherit_phone \"   data-padding-pos=\"all\" data-has-bg-color=\"false\" data-bg-color=\"\" data-bg-opacity=\"1\" data-animation=\"\" data-delay=\"0\" >\n\t\t<div class=\"vc_column-inner\" >\n\t\t<div class=\"wpb_wrapper\">\n\t\t\t\n<div class=\"wpb_text_column wpb_content_element \" >\n\t<div class=\"wpb_wrapper\">\n\t\t<h3>40 Anos de Hist\u00f3ria<\/h3>\n\t<\/div>\n<\/div>\n\n\n\n<div class=\"nectar-cta  alignment_tablet_default alignment_phone_default display_tablet_inherit display_phone_inherit \" data-color=\"default\" data-using-bg=\"false\" data-style=\"arrow-animation\" data-display=\"block\" data-alignment=\"left\" data-text-color=\"custom\" ><h4 style=\"color: #ffffff;\"><span class=\"link_wrap\" ><a  class=\"link_text\" role=\"button\" href=\"https:\/\/espiritosantoseguros.com\/index.php\/sobre-nos\/#historia\"><span class=\"text\">Veja Abaixo.<\/span><svg class=\"next-arrow\" aria-hidden=\"true\" width=\"20px\" height=\"25px\" viewBox=\"0 0 50 80\" xml:space=\"preserve\">\n  <polyline stroke=\"#ffffff\" stroke-width=\"9\" fill=\"none\" stroke-linecap=\"round\" stroke-linejoin=\"round\" points=\"0, 0 45, 40 0, 80\"\/>\n  <\/svg>  <span class=\"line\"  style=\"background-color: #ffffff;\"><\/span> <\/a><\/span><\/h4><\/div>\n\t\t<\/div> \n\t<\/div>\n\t<\/div> \n\n\t<div  class=\"vc_col-sm-6 wpb_column column_container vc_column_container col child_column no-extra-padding inherit_tablet inherit_phone \"   data-padding-pos=\"all\" data-has-bg-color=\"false\" data-bg-color=\"\" data-bg-opacity=\"1\" data-animation=\"\" data-delay=\"0\" >\n\t\t<div class=\"vc_column-inner\" >\n\t\t<div class=\"wpb_wrapper\">\n\t\t\t\n<div class=\"wpb_text_column wpb_content_element \" >\n\t<div class=\"wpb_wrapper\">\n\t\t<h3>Quer nos conhecer?<\/h3>\n\t<\/div>\n<\/div>\n\n\n\n<div class=\"nectar-cta  alignment_tablet_default alignment_phone_default display_tablet_inherit display_phone_inherit \" data-color=\"default\" data-using-bg=\"false\" data-style=\"arrow-animation\" data-display=\"block\" data-alignment=\"left\" data-text-color=\"custom\" ><h4 style=\"color: #ffffff;\"><span class=\"link_wrap\" ><a  class=\"link_text\" role=\"button\" href=\"mailto:contato@espiritosantoseguros.com.br\"><span class=\"text\">Agendar aqui.<\/span><svg class=\"next-arrow\" aria-hidden=\"true\" width=\"20px\" height=\"25px\" viewBox=\"0 0 50 80\" xml:space=\"preserve\">\n  <polyline stroke=\"#ffffff\" stroke-width=\"9\" fill=\"none\" stroke-linecap=\"round\" stroke-linejoin=\"round\" points=\"0, 0 45, 40 0, 80\"\/>\n  <\/svg>  <span class=\"line\"  style=\"background-color: #ffffff;\"><\/span> <\/a><\/span><\/h4><\/div>\n\t\t<\/div> \n\t<\/div>\n\t<\/div> \n<\/div><\/div>\n\t\t\t<\/div> \n\t\t<\/div>\n\t<\/div> \n<\/div><\/div>\n\t\t<div id=\"historia\"  data-column-margin=\"default\" data-midnight=\"dark\"  class=\"wpb_row vc_row-fluid vc_row full-width-section vc_row-o-equal-height vc_row-flex vc_row-o-content-middle\"  style=\"padding-top: 0px; padding-bottom: 0px; \"><div class=\"row-bg-wrap\" data-bg-animation=\"none\" data-bg-animation-delay=\"\" data-bg-overlay=\"false\"><div class=\"inner-wrap row-bg-layer\" ><div class=\"row-bg viewport-desktop using-bg-color\"  style=\"background-color: #dedc00; \"><\/div><\/div><\/div><div class=\"row_col_wrap_12 col span_12 dark left\">\n\t<div  class=\"vc_col-sm-5 wpb_column column_container vc_column_container col padding-2-percent inherit_tablet inherit_phone \"  data-padding-pos=\"all\" data-has-bg-color=\"false\" data-bg-color=\"\" data-bg-opacity=\"1\" data-animation=\"\" data-delay=\"0\" >\n\t\t<div class=\"vc_column-inner\" >\n\t\t\t<div class=\"wpb_wrapper\">\n\t\t\t\t<div class=\"nectar-icon-list\" data-icon-color=\"default\" data-icon-style=\"border\" data-columns=\"3\" data-direction=\"vertical\" data-icon-size=\"small\" data-animate=\"true\"><div class=\"nectar-icon-list-item\"><div class=\"list-icon-holder\" data-icon_type=\"numerical\"><span>1<\/span><\/div><div class=\"content\"><h4>D\u00e9cada de 70: Fundamentos da Vis\u00e3o<\/h4>Na vibrante S\u00e3o Paulo dos anos 70, Ant\u00f4nio do Espirito Santo iniciou sua trajet\u00f3ria no mercado de seguros. Trabalhando como ascensorista em pr\u00e9dios emblem\u00e1ticos da cidade, ele foi inspirado pelas discuss\u00f5es de executivos sobre o setor de seguros. Percebendo a oportunidade de transformar sua vida e a de sua fam\u00edlia, Ant\u00f4nio decidiu mergulhar no mundo da corretagem de seguros, fundando assim as bases da Esp\u00edrito Santo Seguros com uma vis\u00e3o clara de integridade e compromisso.<\/div><\/div><div class=\"nectar-icon-list-item\"><div class=\"list-icon-holder\" data-icon_type=\"numerical\"><span>2<\/span><\/div><div class=\"content\"><h4>D\u00e9cada de 80: Consolida\u00e7\u00e3o e Crescimento.<\/h4>No in\u00edcio da d\u00e9cada de 80, Ant\u00f4nio passou o bast\u00e3o para seu filho, Ricardo Espirito Santo, que rapidamente assumiu a lideran\u00e7a da empresa. Em 1985, Ricardo formalizou a Esp\u00edrito Santo Seguros, introduzindo um modelo de neg\u00f3cios inovador e personalizado que se tornou a marca registrada da corretora. Com uma abordagem focada na satisfa\u00e7\u00e3o do cliente e em solu\u00e7\u00f5es customizadas, Ricardo expandiu significativamente a empresa, solidificando sua presen\u00e7a no mercado.<\/div><\/div><div class=\"nectar-icon-list-item\"><div class=\"list-icon-holder\" data-icon_type=\"numerical\"><span>3<\/span><\/div><div class=\"content\"><h4>D\u00e9cada de 2000: Inova\u00e7\u00e3o e Expans\u00e3o<\/h4>Avan\u00e7ando para a terceira gera\u00e7\u00e3o, os dois filhos de Ricardo, l\u00edderam a Esp\u00edrito Santo Seguros num processo de moderniza\u00e7\u00e3o substancial. Incorporando tecnologias e novas estrat\u00e9gias de mercado, a empresa se adaptou \u00e0s demandas contempor\u00e2neas, sempre mantendo seus valores fundamentais de idoneidade, transpar\u00eancia e proximidade com os clientes. Essa combina\u00e7\u00e3o de tradi\u00e7\u00e3o e inova\u00e7\u00e3o permitiu \u00e0 Esp\u00edrito Santo Seguros n\u00e3o apenas crescer, mas tamb\u00e9m liderar o setor, fornecendo servi\u00e7os de excel\u00eancia e construindo rela\u00e7\u00f5es duradouras com seus clientes.<\/div><\/div><\/div>\n\t\t\t<\/div> \n\t\t<\/div>\n\t<\/div> \n\n\t<div  class=\"vc_col-sm-7 wpb_column column_container vc_column_container col no-extra-padding inherit_tablet inherit_phone \"  data-padding-pos=\"all\" data-has-bg-color=\"false\" data-bg-color=\"\" data-bg-opacity=\"1\" data-animation=\"\" data-delay=\"0\" >\n\t\t<div class=\"vc_column-inner\" >\n\t\t\t<div class=\"wpb_wrapper\">\n\t\t\t\t<div class=\"nectar-lottie-wrap alignment_center\"><div class=\"nectar-lottie\" data-lottie-settings=\"{&quot;trigger_type&quot;:&quot;play&quot;,&quot;mobile_func&quot;:&quot;default&quot;,&quot;loop&quot;:&quot;true&quot;,&quot;trigger_offset&quot;:&quot;0.00,100.00&quot;,&quot;frame_constraint&quot;:&quot;0.00,100.00&quot;,&quot;alignment&quot;:&quot;center&quot;,&quot;preserve_aspect_ratio&quot;:&quot;xMidYMid meet&quot;,&quot;json_url&quot;:&quot;https:\\\/\\\/espiritosantoseguros.com\\\/wp-content\\\/Lottie\\\/predio_ESS.json&quot;,&quot;box_shadow_method&quot;:&quot;filter&quot;}\"><\/div><\/div>\n\t\t\t<\/div> \n\t\t<\/div>\n\t<\/div> \n<\/div><\/div>\n\t\t<div id=\"fws_6a0087f130f0a\"  data-column-margin=\"default\" data-midnight=\"light\" data-top-percent=\"8%\" data-bottom-percent=\"8%\"  class=\"wpb_row vc_row-fluid vc_row full-width-section\"  style=\"padding-top: calc(100vw * 0.08); padding-bottom: calc(100vw * 0.08); \"><div class=\"row-bg-wrap\" data-bg-animation=\"none\" data-bg-animation-delay=\"\" data-bg-overlay=\"true\"><div class=\"inner-wrap row-bg-layer using-image\" ><div class=\"row-bg viewport-desktop using-image using-bg-color\"  style=\"background-image: url(https:\/\/espiritosantoseguros.com\/wp-content\/uploads\/2024\/09\/espirito-santo-seguros-cavalo.jpg); background-position: center center; background-repeat: no-repeat; background-color: #454156; \"><\/div><\/div><div class=\"row-bg-overlay row-bg-layer\" style=\"background: #0a0a0a; background: linear-gradient(90deg,#0a0a0a 0%,#757575 100%);  opacity: 0.5; \"><\/div><\/div><div class=\"row_col_wrap_12 col span_12 light left\">\n\t<div  class=\"vc_col-sm-12 wpb_column column_container vc_column_container col padding-6-percent inherit_tablet inherit_phone \"  data-padding-pos=\"all\" data-has-bg-color=\"false\" data-bg-color=\"\" data-bg-opacity=\"1\" data-animation=\"\" data-delay=\"0\" >\n\t\t<div class=\"vc_column-inner\" >\n\t\t\t<div class=\"wpb_wrapper\">\n\t\t\t\t<div id=\"fws_6a0087f13115f\" data-midnight=\"\" data-column-margin=\"default\" class=\"wpb_row vc_row-fluid vc_row inner_row\"  style=\"\"><div class=\"row-bg-wrap\"> <div class=\"row-bg\" ><\/div> <\/div><div class=\"row_col_wrap_12_inner col span_12  left\">\n\t<div  class=\"vc_col-sm-12 wpb_column column_container vc_column_container col child_column has-animation no-extra-padding inherit_tablet inherit_phone \"   data-padding-pos=\"all\" data-has-bg-color=\"false\" data-bg-color=\"\" data-bg-opacity=\"1\" data-animation=\"fade-in-from-bottom\" data-delay=\"0\" >\n\t\t<div class=\"vc_column-inner\" >\n\t\t<div class=\"wpb_wrapper\">\n\t\t\t\n<div class=\"wpb_text_column wpb_content_element \" style=\" max-width: 800px; display: inline-block;\">\n\t<div class=\"wpb_wrapper\">\n\t\t<h2>Miss\u00e3o, Vis\u00e3o e Valores:<\/h2>\n<h2><strong>Nosso Compromisso com a Excel\u00eancia<\/strong><\/h2>\n\t<\/div>\n<\/div>\n\n\n\n\n\t\t<\/div> \n\t<\/div>\n\t<\/div> \n<\/div><\/div><div id=\"fws_6a0087f131472\" data-midnight=\"\" data-column-margin=\"default\" class=\"wpb_row vc_row-fluid vc_row inner_row\"  style=\"\"><div class=\"row-bg-wrap\"> <div class=\"row-bg\" ><\/div> <\/div><div class=\"row_col_wrap_12_inner col span_12  left\">\n\t<div  class=\"vc_col-sm-12 wpb_column column_container vc_column_container col child_column has-animation no-extra-padding inherit_tablet inherit_phone \"   data-padding-pos=\"all\" data-has-bg-color=\"false\" data-bg-color=\"\" data-bg-opacity=\"1\" data-animation=\"fade-in-from-bottom\" data-delay=\"100\" >\n\t\t<div class=\"vc_column-inner\" >\n\t\t<div class=\"wpb_wrapper\">\n\t\t\t\n<div class=\"wpb_text_column wpb_content_element  vc_custom_1722271072679\" style=\" max-width: 400px; display: inline-block;\">\n\t<div class=\"wpb_wrapper\">\n\t\t<p><strong>Miss\u00e3o<\/strong>: Proteger e assegurar a tranquilidade dos nossos clientes atrav\u00e9s de solu\u00e7\u00f5es de seguros personalizadas e inovadoras.<\/p>\n<p><strong>Vis\u00e3o<\/strong>: Ser refer\u00eancia em corretagem de seguros, reconhecida pela confian\u00e7a e excel\u00eancia no atendimento.<\/p>\n<p><strong>Valores<\/strong>:<\/p>\n<ul>\n<li><strong>Idoneidade<\/strong>: Agir com integridade e \u00e9tica em todas as nossas a\u00e7\u00f5es.<\/li>\n<li><strong>Transpar\u00eancia<\/strong>: Manter uma comunica\u00e7\u00e3o clara e honesta com nossos clientes.<\/li>\n<li><strong>Proximidade<\/strong>: Estar sempre ao lado dos nossos clientes, oferecendo suporte cont\u00ednuo e personalizado.<\/li>\n<\/ul>\n\t<\/div>\n<\/div>\n\n\n\n\n\t\t<\/div> \n\t<\/div>\n\t<\/div> \n<\/div><\/div>\n\t\t\t<\/div> \n\t\t<\/div>\n\t<\/div> \n<\/div><\/div>\n\t\t<div id=\"fws_6a0087f131944\"  data-column-margin=\"default\" data-midnight=\"dark\" data-top-percent=\"5%\" data-bottom-percent=\"13%\"  class=\"wpb_row vc_row-fluid vc_row full-width-section\"  style=\"padding-top: calc(100vw * 0.05); padding-bottom: calc(100vw * 0.13); \"><div class=\"row-bg-wrap\" data-bg-animation=\"none\" data-bg-animation-delay=\"\" data-bg-overlay=\"false\"><div class=\"inner-wrap row-bg-layer\" ><div class=\"row-bg viewport-desktop\"  style=\"\"><\/div><\/div><\/div><div class=\"row_col_wrap_12 col span_12 dark left\">\n\t<div  class=\"vc_col-sm-12 wpb_column column_container vc_column_container col no-extra-padding inherit_tablet inherit_phone \"  data-padding-pos=\"all\" data-has-bg-color=\"false\" data-bg-color=\"\" data-bg-opacity=\"1\" data-animation=\"\" data-delay=\"0\" >\n\t\t<div class=\"vc_column-inner\" >\n\t\t\t<div class=\"wpb_wrapper\">\n\t\t\t\t<div class=\"nectar-carousel-flickity-fixed-content\" data-alignment=\"default\" data-control-color=\"default\"> <div class=\"nectar-carousel-fixed-content\"><\/p>\n<h3>A For\u00e7a por tr\u00e1s da Esp\u00edrito Santo Seguros<\/h3>\n<p><\/div><div class=\"nectar-flickity not-initialized nectar-carousel ticker-rotate \" data-ticker-speed=\"slow\" data-centered-cells=\"false\" data-pause-on-hover=\"\" data-touch-icon-color=\"default\" data-control-color=\"default\" data-overflow=\"hidden\" data-r-bottom-total=\"\" data-drag-scale=\"\" data-wrap=\"wrap\" data-spacing=\"default\" data-controls=\"default\" data-pagination-alignment=\"default\" data-adaptive-height=\"\" data-border-radius=\"10px\" data-column-border=\"\" data-column-padding=\"0\" data-format=\"fixed_text_content_fullwidth\" data-autoplay=\"true\" data-autoplay-dur=\"5000\" data-control-style=\"material_pagination\" data-desktop-columns=\"3\" data-small-desktop-columns=\"2\" data-tablet-columns=\"1\" data-phone-columns=\"1\" data-column-color=\"\"><div class=\"flickity-viewport\"> <div class=\"flickity-slider\"><div class=\"cell \"><div class=\"inner-wrap-outer\"><div class=\"inner-wrap\" ><div class=\"team-member\" data-n-parallax-bg=\"true\" data-parallax-speed=\"subtle\" data-style=\"bio_fullscreen_alt\"><div class=\"team-member-image\"><div class=\"team-member-image-inner\"><div class=\"nectar-el-parallax-scroll\" data-scroll-animation=\"true\" data-scroll-animation-mobile=\"true\" data-scroll-animation-intensity=\"-0.7\" data-scroll-animation-lerp=\"1\"><div class=\"vc_column-inner\"><img loading=\"lazy\" decoding=\"async\" src=\"https:\/\/espiritosantoseguros.com\/wp-content\/uploads\/2025\/02\/equipa-ESS1-1024x1024.jpg\" width=\"500\" height=\"500\" alt=\"\" \/><\/div><\/div><\/div><\/div><div class=\"team-member-overlay\"><\/div>\n    <div class=\"team-meta\"><h5>S\u00f3cio Fundador<\/h5><h3>Ricardo Esp\u00edrito Santo<\/h3><p><\/p><\/div>\n    <div class=\"nectar_team_bio_img\" data-img-src=\"\"><\/div>\n    <div class=\"nectar_team_bio\"><div class=\"bottom_meta\"><a href=\"#\" target=\"_blank\"><i class=\"icon-default-style fa fa-instagram\"><\/i><\/a><a href=\"#\" target=\"_blank\"><i class=\"icon-default-style fa fa-twitter\"><\/i><\/a><\/div><\/div>\n    <\/div><\/div><\/div><\/div><div class=\"cell \"><div class=\"inner-wrap-outer\"><div class=\"inner-wrap\" ><div class=\"team-member\" data-n-parallax-bg=\"true\" data-parallax-speed=\"subtle\" data-style=\"bio_fullscreen_alt\"><div class=\"team-member-image\"><div class=\"team-member-image-inner\"><div class=\"nectar-el-parallax-scroll\" data-scroll-animation=\"true\" data-scroll-animation-mobile=\"true\" data-scroll-animation-intensity=\"-0.7\" data-scroll-animation-lerp=\"1\"><div class=\"vc_column-inner\"><img loading=\"lazy\" decoding=\"async\" src=\"https:\/\/espiritosantoseguros.com\/wp-content\/uploads\/2025\/02\/equipa-ESS3.jpg\" width=\"500\" height=\"500\" alt=\"\" \/><\/div><\/div><\/div><\/div><div class=\"team-member-overlay\"><\/div>\n    <div class=\"team-meta\"><h5>Diretor Comercial<\/h5><h3>Adriano Esp\u00edrito Santo<\/h3><p><\/p><\/div>\n    <div class=\"nectar_team_bio_img\" data-img-src=\"\"><\/div>\n    <div class=\"nectar_team_bio\"><div class=\"bottom_meta\"><a href=\"#\" target=\"_blank\"><i class=\"icon-default-style fa fa-instagram\"><\/i><\/a><a href=\"#\" target=\"_blank\"><i class=\"icon-default-style fa fa-twitter\"><\/i><\/a><\/div><\/div>\n    <\/div><\/div><\/div><\/div><div class=\"cell \"><div class=\"inner-wrap-outer\"><div class=\"inner-wrap\" ><div class=\"team-member\" data-n-parallax-bg=\"true\" data-parallax-speed=\"subtle\" data-style=\"bio_fullscreen_alt\"><div class=\"team-member-image\"><div class=\"team-member-image-inner\"><div class=\"nectar-el-parallax-scroll\" data-scroll-animation=\"true\" data-scroll-animation-mobile=\"true\" data-scroll-animation-intensity=\"-0.7\" data-scroll-animation-lerp=\"1\"><div class=\"vc_column-inner\"><img loading=\"lazy\" decoding=\"async\" src=\"https:\/\/espiritosantoseguros.com\/wp-content\/uploads\/2025\/02\/equipa-ESS2-1024x1024.jpg\" width=\"500\" height=\"500\" alt=\"\" \/><\/div><\/div><\/div><\/div><div class=\"team-member-overlay\"><\/div>\n    <div class=\"team-meta\"><h5>Diretor Operacional<\/h5><h3>Ricardo Esp\u00edrito Santo Jr.<\/h3><p><\/p><\/div>\n    <div class=\"nectar_team_bio_img\" data-img-src=\"\"><\/div>\n    <div class=\"nectar_team_bio\"><div class=\"bottom_meta\"><a href=\"\" target=\"_blank\"><i class=\"icon-default-style fa fa-github-alt\"><\/i><\/a><a href=\"\" target=\"_blank\"><i class=\"icon-default-style fa fa-instagram\"><\/i><\/a><a href=\"\" target=\"_blank\"><i class=\"icon-default-style fa fa-facebook\"><\/i><\/a><\/div><\/div>\n    <\/div><\/div><\/div><\/div><div class=\"cell \"><div class=\"inner-wrap-outer\"><div class=\"inner-wrap\" ><div class=\"team-member\" data-n-parallax-bg=\"true\" data-parallax-speed=\"subtle\" data-style=\"bio_fullscreen_alt\"><div class=\"team-member-image\"><div class=\"team-member-image-inner\"><div class=\"nectar-el-parallax-scroll\" data-scroll-animation=\"true\" data-scroll-animation-mobile=\"true\" data-scroll-animation-intensity=\"-0.7\" data-scroll-animation-lerp=\"1\"><div class=\"vc_column-inner\"><img loading=\"lazy\" decoding=\"async\" src=\"https:\/\/espiritosantoseguros.com\/wp-content\/uploads\/2025\/02\/equipa-ESS_Paula_Ferreira-_Assistente_Comercial-1024x1024.jpg\" width=\"500\" height=\"500\" alt=\"\" \/><\/div><\/div><\/div><\/div><div class=\"team-member-overlay\"><\/div>\n    <div class=\"team-meta\"><h5>Assistente Comercial<\/h5><h3>Paula Ferreira<\/h3><p><\/p><\/div>\n    <div class=\"nectar_team_bio_img\" data-img-src=\"\"><\/div>\n    <div class=\"nectar_team_bio\"><div class=\"bottom_meta\"><a href=\"#\" target=\"_blank\"><i class=\"icon-default-style fa fa-twitter\"><\/i><\/a><a href=\"#\" target=\"_blank\"><i class=\"icon-default-style fa fa-youtube-play\"><\/i><\/a><\/div><\/div>\n    <\/div><\/div><\/div><\/div><div class=\"cell \"><div class=\"inner-wrap-outer\"><div class=\"inner-wrap\" ><div class=\"team-member\" data-n-parallax-bg=\"true\" data-parallax-speed=\"subtle\" data-style=\"bio_fullscreen_alt\"><div class=\"team-member-image\"><div class=\"team-member-image-inner\"><div class=\"nectar-el-parallax-scroll\" data-scroll-animation=\"true\" data-scroll-animation-mobile=\"true\" data-scroll-animation-intensity=\"-0.7\" data-scroll-animation-lerp=\"1\"><div class=\"vc_column-inner\"><img loading=\"lazy\" decoding=\"async\" src=\"https:\/\/espiritosantoseguros.com\/wp-content\/uploads\/2025\/03\/equipa-ESS4-1024x1024.jpg\" width=\"500\" height=\"500\" alt=\"\" \/><\/div><\/div><\/div><\/div><div class=\"team-member-overlay\"><\/div>\n    <div class=\"team-meta\"><h5>Analista Comercial<\/h5><h3>Monica Ribeiro<\/h3><p><\/p><\/div>\n    <div class=\"nectar_team_bio_img\" data-img-src=\"\"><\/div>\n    <div class=\"nectar_team_bio\"><div class=\"bottom_meta\"><a href=\"#\" target=\"_blank\"><i class=\"icon-default-style fa fa-twitter\"><\/i><\/a><a href=\"#\" target=\"_blank\"><i class=\"icon-default-style fa fa-youtube-play\"><\/i><\/a><\/div><\/div>\n    <\/div><\/div><\/div><\/div><\/div><\/div><\/div><\/div>\n\t\t\t<\/div> \n\t\t<\/div>\n\t<\/div> \n<\/div><\/div>\n","protected":false},"excerpt":{"rendered":"Conhe\u00e7a a Esp\u00edrito Santo Seguros. Nossa trajet\u00f3ria de sucesso e compromisso com a prote\u00e7\u00e3o dos nossos clientes. Descubra nossa hist\u00f3ria, miss\u00e3o e equipe. 40 Anos de Hist\u00f3ria Veja Abaixo. Quer...","protected":false},"author":1,"featured_media":0,"parent":0,"menu_order":0,"comment_status":"closed","ping_status":"closed","template":"","meta":{"_monsterinsights_skip_tracking":false,"_monsterinsights_sitenote_active":false,"_monsterinsights_sitenote_note":"","_monsterinsights_sitenote_category":0,"footnotes":""},"class_list":["post-4724","page","type-page","status-publish"],"_links":{"self":[{"href":"https:\/\/espiritosantoseguros.com\/index.php\/wp-json\/wp\/v2\/pages\/4724","targetHints":{"allow":["GET"]}}],"collection":[{"href":"https:\/\/espiritosantoseguros.com\/index.php\/wp-json\/wp\/v2\/pages"}],"about":[{"href":"https:\/\/espiritosantoseguros.com\/index.php\/wp-json\/wp\/v2\/types\/page"}],"author":[{"embeddable":true,"href":"https:\/\/espiritosantoseguros.com\/index.php\/wp-json\/wp\/v2\/users\/1"}],"replies":[{"embeddable":true,"href":"https:\/\/espiritosantoseguros.com\/index.php\/wp-json\/wp\/v2\/comments?post=4724"}],"version-history":[{"count":45,"href":"https:\/\/espiritosantoseguros.com\/index.php\/wp-json\/wp\/v2\/pages\/4724\/revisions"}],"predecessor-version":[{"id":5029,"href":"https:\/\/espiritosantoseguros.com\/index.php\/wp-json\/wp\/v2\/pages\/4724\/revisions\/5029"}],"wp:attachment":[{"href":"https:\/\/espiritosantoseguros.com\/index.php\/wp-json\/wp\/v2\/media?parent=4724"}],"curies":[{"name":"wp","href":"https:\/\/api.w.org\/{rel}","templated":true}]}}